et f be r(l). Give x(f).
7
Let k(d) = -d**3 + 6 + 4*d + 9*d - 7*d - 3*d**2. Suppose 2*c - 4 = -3*a, -5*a + 7 = -13. Calculate k(c).
-2
Let k = 20 - 17. Let n(p) = -3 + p**k + 6*p - p - 2*p**3 + 4*p**2. Determine n(5).
-3
Let p(r) = -r**3 + 3*r**2 + 2*r - 1. Let v be 6/((-2)/(1/(-1))). What is p(v)?
5
Let u be (-4 + 1 + 3)/(0 - 1). Let b(f) be the second derivative of u + 3*f + 0*f**2 - 5/6*f**3 - 1/12*f**4. Give b(-6).
-6
Let s be (-35)/14*((-12)/5)/(-2). Let g(t) = -4*t - 37. Let o(n) = n + 9. Let j(m) = 2*g(m) + 9*o(m). Determine j(s).
4
Let t(w) = 3*w**2 - w + 1. Let x(a) = -a**2 - a - 1. Let g(f) = -t(f) - 2*x(f). Calculate g(5).
-9
Let l(a) = -a - 12. Let b be l(-9). Let f(g) be the second derivative of 0 - 1/6*g**4 + 0*g**2 + 1/3*g**3 - 1/20*g**5 + g. Give f(b).
3
Let n(g) be the second derivative of -g**3/3 - g**2 + 3*g. Calculate n(-2).
2
Let w(z) = 5*z**2 - 12*z + 9. Suppose -3 - 1 = -d. Let g(o) = -2*o**2 + 6*o - 4. Let i(v) = d*w(v) + 9*g(v). Calculate i(-4).
8
Let g(o) = -o**3 - 4*o**2 + 4*o - 6. Suppose 3*l - 2*t - 17 = -6*t, 0 = 3*l + 3*t - 15. Let r = l + -8. Give g(r).
-1
Suppose 5*q + 6*q + 11 = 0. Let x(u) = 5*u - 4. Let r(m) = 2*m - 1. Let f(g) = -7*r(g) + 2*x(g). Determine f(q).
3
Let g(h) = h**3 - 3*h**2 + 3. Suppose -n - 3*n = -20. Suppose -3*j + 14 = n. Determine g(j).
3
Let o(r) = -11*r + 29. Let z(f) = -5*f + 14. Let w(d) = -4*o(d) + 9*z(d). Calculate w(5).
5
Let o(m) = m**3 + 12*m**2 + 4. Let i be o(-12). Suppose 0 = -8*s + i*s. Suppose g + s*g = -6. Let p(z) = -z**3 - 5*z**2 + 5*z + 3. Calculate p(g).
9
Suppose 2*h - 9 = h + 5*n, h + n + 3 = 0. Let w(i) = 7*i. What is w(h)?
-7
Let n(o) = -3*o**3 + 8*o**2 - 2*o - 9. Let h(u) = 7*u**3 - 17*u**2 + 3*u + 19. Let y(a) = -2*h(a) - 5*n(a). Suppose -2*i + 11 = -f, -f + 1 - 2 = 0. Give y(i).
2
Suppose 0*z = 5*z - t, -2*z = t. Let j(s) be the second derivative of z - 5/2*s**2 - 1/6*s**3 - 2*s. Determine j(-5).
0
Let k(p) = -p**2 + 1. Suppose 4*r = 12*r + 24. Calculate k(r).
-8
Suppose 0 = 46*r - 48*r. Let x(t) = -t**2 + t - 12. What is x(r)?
-12
Let n(r) = -3*r**2 - 6*r + r**3 - 6 + 5*r**2 + 3*r**2 + 0*r**3. What is n(-6)?
-6
Let a(m) = -7*m + 1. Let w(n) = 8*n - 2. Let f(x) = 7*a(x) + 6*w(x). Calculate f(0).
-5
Let p(q) = -2*q + 5. Let k(w) = -2*w + 6. Let m(d) = 5*k(d) - 6*p(d). Suppose -2*v + 12 = -5*t - 9, 0 = t + 5. Determine m(v).
-4
Let r(j) = 2*j + 8*j**2 + 3*j + 6 - 13*j**2 - j**3 + 0*j. Calculate r(-6).
12
Let t be (-2)/(-11) - 546/(-143). Let s(z) = 3*z**3 - 29*z**2 - 7*z + 6. Let c(j) = -j**3 + 10*j**2 + 2*j - 2. Let m(u) = t*s(u) + 11*c(u). Give m(7).
9
Let u = 0 - 5. Let c(k) be the third derivative of -k**4/8 + k**2. Calculate c(u).
15
Let t(y) = -y**2 + 2*y. Let l(m) = 4*m**2 - 15*m + 15. Let p(v) = -l(v) - 3*t(v). Determine p(6).
3
Suppose 0 = -y - 2, -5*y - 30 = -4*z - z. Suppose c - 5*w + 21 = -0*w, 3*c = z*w - 19. Let j(u) = 2*u**2 - u. What is j(c)?
3
Let i(p) = -p. Let v(t) = -5*t + 4. Let w(f) = 6*i(f) - v(f). Suppose -27 = 2*o - o + 3*m, 0 = -5*o - 2*m - 70. Let d be o/(-9)*(-9)/2. Calculate w(d).
2
Let m be ((-8)/10 + 0)*5. Let p = -7 - m. Let b be -3 + p/6*-10. Let y(f) = f**3 - 3*f**2 + 2*f + 2. Calculate y(b).
2
Suppose -2*t = -3*t. Suppose -2*n + 5*n - 15 = t. Let b(c) = -c**3 + 4*c**2 + 6*c - 3 - c + 2*c. What is b(n)?
7
Let u(h) = h**3 + 11*h**2 + h + 15. Let r be u(-11). Let a(g) = g**2 + g + 2. Give a(r).
22
Let u(y) = -7*y + 3. Suppose -5*g - 6 = -8*g. What is u(g)?
-11
Suppose -24 = -13*i + 9*i. Let m(y) = -y**2 + 8*y - 8. Give m(i).
4
Let i(d) = d - 3. Let r be i(4). Let b = 2 + r. Let h(a) = a**2 - 2*a + 2. Calculate h(b).
5
Let q(h) = h**3 + 3*h**2 + 4*h + 3. Suppose -5 = 3*a + s + 5, 4*s = a - 1. Let i be (a - 0/(-3)) + 1. Let v be i/(-5)*5/(-1). Give q(v).
-1
Suppose -1 = -2*y + 31. Let n be (-4)/14 + y/7. Suppose l = -n - 1. Let s(w) = -2*w - 3. Calculate s(l).
3
Let n = 16 - 19. Let l(s) = -2*s + 3. Calculate l(n).
9
Let y(w) = -w**3 + 9*w**2 - 8*w + 3. Suppose 0*b - 4*b = -v + 8, 5*v - 4*b = 40. Suppose -v = -0*g - g. Let h be y(g). Let f(x) = -x**2 + 4. Calculate f(h).
-5
Suppose 4*h = h - h. Let v(g) be the third derivative of 0*g + 0*g**3 - 1/24*g**4 + g**2 + h. Determine v(0).
0
Let v(o) = 2*o + 2. Let q be 2 + 12/80*4*5. What is v(q)?
12
Let g(y) = y + 11. Suppose 0 = 4*q - 2*q - 6. Let t be -1*(-1 - -3) - q. Give g(t).
6
Let w(n) be the second derivative of n**4/12 + n**3/2 - 3*n**2/2 - n. Suppose 4*x + 2*q + 3 = 93, 0 = -5*x + 4*q + 132. Let r be 1*-4*18/x. What is w(r)?
-3
Let p be ((-6)/(-9))/((-4)/(-6)). Let l be ((-2)/(-6))/((-2)/(-24)). Let q(m) = l - m - 2 - p. What is q(0)?
1
Let q(g) = -2*g - 3. Let t = 6 - 9. Let s be q(t). Let y(x) be the second derivative of x**4/12 - 2*x**3/3 + x**2/2 + 2*x. Determine y(s).
-2
Let c(x) = x**3 - 4*x**2 - x - 4. Let r be (1 - -1) + (4 + -8)/(-4). Give c(r).
-16
Let c(n) = n**3 + 10*n**2 + 8*n - 4. Let l(j) = -j**2 - j - 3. Let r be l(2). Give c(r).
5
Suppose 13 = -3*f - 2*o, 2*f - 6*f = 5*o + 29. Let w be (-4)/(-4)*f*1. Let r(l) = 15*l - 1. Determine r(w).
-16
Suppose -8*i + 5*i - 9 = 0. Let w(y) = 0*y - y - 2*y + 5*y. Give w(i).
-6
Let i = -13 + 21. Let l(k) = k**3 - 9*k**2 + 6*k + 10. Let a be l(i). Let m(y) = -y - 14. Determine m(a).
-8
Suppose -2*r + 4 = -0*r. Let p(v) be the third derivative of -2*v**2 + 0*v + 0*v**3 + 1/24*v**4 + 0. Calculate p(r).
2
Let d(w) = w + 1. Let p be d(6). Let j(h) = -2*h + 8. Determine j(p).
-6
Let q(m) = m**3 - 3*m**2 + 5. Let p be q(3). Let r(g) = -g**3 + 4*g**2 + 3*g - 1. Calculate r(p).
-11
Suppose j + 14 = 3*j. Let g(r) = r**3 - 6*r**2 - 8*r + 4. Determine g(j).
-3
Let s(o) = -o**2 + 2. Let a be 6 + (3 - 0) + -6. What is s(a)?
-7
Let f(h) be the third derivative of -h**4/24 + 7*h**3/3 - 19*h**2. Let i be (-3)/((-6)/16) - 2. Calculate f(i).
8
Let a(f) = 2*f**2 + 6*f. Suppose -4*l = -2*l. Let q(d) = 15*d - 6*d - 8*d - 4. Let u be q(l). Calculate a(u).
8
Let i(l) = l - 1. Let q be 4/(-10) + (-28)/5. Let u(m) = -4*m + 1. Let j(f) = q*i(f) - 2*u(f). Suppose 0 = -5*a + 5*r - 40, a = 3*r - 17 - 1. Give j(a).
-2
Suppose -d + 1 = 2*r, -2*r + d = -5 - 2. Let a(y) = -y + 1. Let x(i) = -i. Let p(u) = r*x(u) - a(u). Give p(-6).
5
Let k be ((-3)/2)/((-1)/(-66)). Let b be 1/(-2) + k/(-22). Let p(q) = 2*q - 5. Let l be p(b). Let s(m) = -m - 2. Calculate s(l).
-5
Let i(s) = 5*s**2 + 13*s - 5*s - 3 + 4*s. Let m(u) = -4*u**2 - 11*u + 2. Let r(a) = -5*i(a) - 6*m(a). Calculate r(5).
8
Let z(t) = -t**3 + 4*t**2 - 5*t + 2. Let m be (-1)/5 + (-520)/(-100) + -1. Calculate z(m).
-18
Let g = 0 + -2. Let p be (-4)/(-12) + 16/6. Let r(y) = y + 3 - p. Calculate r(g).
-2
Let c(u) be the first derivative of u**3/3 - 3*u**2/2 + 3*u + 2. Let i be c(3). Let t(r) = r**3 - 4*r**2 + r. What is t(i)?
-6
Let w be 7/5 - 2/5. Let z(v) = 8*v**3 - 6*v**2 + v - 4. Let c(m) = -15*m**3 + 11*m**2 - 2*m + 7. Let a(k) = 4*c(k) + 7*z(k). What is a(w)?
-3
Let s(t) = -5*t**3 + 2*t - 1. Suppose 3*x + 3*i = 6, 3*i - 3 = -2*x + 2. Let y be (0 + 1)/(1/x). Give s(y).
-4
Let c(r) = -r - 1 + 0 - 1 - 4. Give c(0).
-6
Let q(h) = -62 + 2*h + 62. Let n(f) = -f + 12. Let v be n(11). What is q(v)?
2
Let k(g) = g. Let y = 7 - 5. Let w be k(y). Let u(j) = 1 + 4*j - 3 + 1. What is u(w)?
7
Let x(c) be the first derivative of -c**4/4 + 4*c**3/3 - c**2 - 2*c + 18. Give x(3).
1
Let o(y) = -4*y**2 + 9*y + 1. Let s(x) = 11*x**2 - 26*x - 2. Let h(u) = 8*o(u) + 3*s(u). Give h(4).
-6
Let d = 3 + 0. Let y(j) = -2*j**3 + 3*j**3 + 6*j - 2*j**3 - 2*j + j**2. What is y(d)?
-6
Suppose 5*n = 4*y + 46, -40 = -4*n - 2*y + 6*y. Let v(u) = -u**3 + 6*u**2 + u - 3. Calculate v(n).
3
Let x(i) be the third derivative of 1/8*i**4 + 1/3*i**3 + 2*i**2 + 0 + 0*i. Suppose -o = 3*v - 2*o + 11, 0 = 3*v - 3*o + 21. Calculate x(v).
-4
Let l(h) = -h**3 + 3*h**2 - 2*h - 1. Suppose k + 4 = -2. Let b(q) = -q - 3. Let p be b(k). Determine l(p).
-7
Let z(t) be the second derivative of t**3/3 - t**2/2 + 15*t. What is z(5)?
9
Let v(i) be the third derivative of 0*i + 7*i**2 - 1/8*i**4 + 1/6*i**3 + 0. Determine v(1).
-2
Suppose 2*h - 7 = x + 7, -2*h + 5*x + 30 = 0. Let u = h + -6. Let o(n) = -8*n - 1. What is o(u)?
7
Let k(v) = 2*v**2. Let p(u) = u**2 + u + 7. Let t be p(0). Suppose 2*m + y - t = -1, y - 7 = -3*m. What is k(m)?
2
Let z be (-7)/28 + 2